 71009 a prime number?
False
Is 14825333 a prime number?
True
Is 42443239 composite?
False
Is 6555833 prime?
True
Is 30588361 composite?
True
Is 338453603 prime?
False
Is 103921045 prime?
False
Is 2746069 a prime number?
False
Is 148217369 a prime number?
True
Is 5646149 prime?
False
Is 20240431 composite?
False
Is 1053233 a prime number?
True
Is 1915213 composite?
False
Is 74655157 prime?
True
Is 48287177 composite?
True
Is 391468949 a prime number?
True
Is 42137419 prime?
True
Is 210929 a composite number?
False
Is 238381001 prime?
True
Is 157945087 a prime number?
True
Is 302726771 a prime number?
False
Is 30562553 a prime number?
False
Is 22434977 composite?
False
Is 1520767 a composite number?
True
Is 2212433 composite?
False
Is 781271 prime?
True
Is 2547851 composite?
True
Is 7310189 a prime number?
True
Is 629214853 composite?
False
Is 280415117 composite?
False
Is 2640059 prime?
True
Is 9690407 a prime number?
True
Is 2432231 a composite number?
True
Is 380983 prime?
True
Is 14519 a prime number?
True
Is 22318466 composite?
True
Is 282021 prime?
False
Is 58171559 prime?
False
Is 330323 composite?
True
Is 7371797 a composite number?
False
Is 540222313 a composite number?
True
Is 1326131 prime?
False
Is 2094973 prime?
True
Is 7774631 a composite number?
False
Is 3414913 a composite number?
False
Is 216893513 composite?
False
Is 1517507 a composite number?
False
Is 307018009 composite?
False
Is 13397311 composite?
False
Is 3413899 a composite number?
True
Is 248557 prime?
False
Is 31184827 a prime number?
False
Is 16200601 a prime number?
False
Is 497588821 composite?
True
Is 41281 prime?
True
Is 58958399 a prime number?
True
Is 80765579 a composite number?
False
Is 6006683 prime?
False
Is 10483513 a prime number?
False
Is 1012967 prime?
True
Is 35725713 a composite number?
True
Is 4704641 prime?
False
Is 50398493 composite?
True
Is 521309 composite?
False
Is 664889 composite?
True
Is 52467451 a composite number?
False
Is 132109613 composite?
False
Is 8578694 composite?
True
Is 55370179 prime?
False
Is 913693 prime?
False
Is 74767051 prime?
True
Is 118068833 a prime number?
False
Is 47417569 composite?
True
Is 19607691 composite?
True
Is 2773789 a composite number?
False
Is 610839707 a prime number?
True
Is 22645309 composite?
True
Is 8152549 a prime number?
True
Is 82108003 a prime number?
False
Is 16051201 composite?
False
Is 38420587 composite?
True
Is 176334559 a prime number?
True
Is 110985583 composite?
False
Is 21893009 prime?
True
Is 725579 a prime number?
True
Is 80762771 composite?
True
Is 14585801 prime?
False
Is 130171 composite?
False
Is 2092669 a composite number?
True
Is 151914677 prime?
True
Is 29599763 composite?
True
Is 33377273 a prime number?
False
Is 20655367 composite?
False
Is 6391865 a prime number?
False
Is 13930789 composite?
False
Is 15496577 a prime number?
True
Is 851491 composite?
False
Is 204773389 composite?
False
Is 51708953 a prime number?
False
Is 79681031 a prime number?
False
Is 1887341 prime?
True
Is 3792077 a composite number?
True
Is 8093483 a composite number?
False
Is 21111485 composite?
True
Is 1826497 prime?
False
Is 836999 a composite number?
True
Is 93278063 a composite number?
False
Is 4345277 a prime number?
True
Is 279100343 a composite number?
False
Is 412409 a prime number?
False
Is 26702857 prime?
True
Is 240319 composite?
False
Is 5962837 a prime number?
True
Is 7138583 a prime number?
False
Is 945356829 composite?
True
Is 177107 a composite number?
True
Is 17802349 a prime number?
False
Is 15353095 a composite number?
True
Is 3411227 a composite number?
True
Is 48464527 a composite number?
False
Is 9026387 a composite number?
True
Is 562169 a composite number?
False
Is 949877 a prime number?
False
Is 5371969 composite?
True
Is 123271033 a composite number?
False
Is 693223 a composite number?
False
Is 3522901 a composite number?
False
Is 7095197 composite?
False
Is 3280391 a composite number?
False
Is 66559061 a composite number?
False
Is 2876443 composite?
False
Is 38782937 prime?
False
Is 98786651 prime?
False
Is 3091937 prime?
False
Is 17528059 a composite number?
False
Is 16493294 a prime number?
False
Is 487063 prime?
False
Is 76451351 composite?
False
Is 62454419 composite?
False
Is 1403009 composite?
False
Is 198811 prime?
True
Is 976177 a prime number?
True
Is 491585357 a prime number?
True
Is 22635659 a composite number?
False
Is 39072053 composite?
True
Is 6280367 composite?
False
Is 677929 composite?
True
Is 23657401 composite?
True
Is 85277579 a prime number?
False
Is 11421599 prime?
False
Is 4291673 a composite number?
False
Is 23983 composite?
True
Is 139169 prime?
True
Is 18352577 a composite number?
True
Is 56786683 composite?
False
Is 652319 composite?
False
Is 3074399 a composite number?
True
Is 164101601 a composite number?
True
Is 2604253 prime?
True
Is 176794279 composite?
True
Is 8714809 a composite number?
True
Is 1650323 composite?
True
Is 2796083 prime?
True
Is 5163293 a prime number?
False
Is 128927837 a composite number?
False
Is 13155719 a prime number?
False
Is 39430889 prime?
False
Is 1120073 a composite number?
False
Is 11705161 prime?
False
Is 43028563 a composite number?
True
Is 243151169 a prime number?
True
Is 2237743 prime?
True
Is 9889207 a prime number?
True
Is 2648744587 a composite number?
False
Is 69140287 a composite number?
True
Is 33722719 a prime number?
True
Is 4968719 a composite number?
True
Is 21698857 prime?
False
Is 8702101 composite?
True
Is 758030305 prime?
False
Is 692454649 prime?
False
Is 57060529 a composite number?
False
Is 18326534 a composite number?
True
Is 76223723 composite?
True
Is 25305097 a composite number?
False
Is 44398238 composite?
True
Is 75263869 a prime number?
False
Is 1694996501 prime?
False
Is 102037421 a prime number?
True
Is 46342265 a prime number?
False
Is 3453571 composite?
True
Is 7520459 prime?
True
Is 33837559 composite?
True
Is 836681 a composite number?
True
Is 502075619 a composite number?
True
Is 67132257 a prime number?
False
Is 22830079 a composite number?
False
Is 1983689 a composite number?
False
Is 339847213 a prime number?
True
Is 12671023 prime?
True
Is 259724287 a composite number?
True
Is 1518383 a prime number?
True
Is 195964907 prime?
True
Is 2556929 composite?
True
Is 2097451 a prime number?
True
Is 2405489 composite?
True
Is 1450903 a prime number?
True
Is 189810857 prime?
True
Is 25059523 a prime number?
True
Is 6153311 composite?
False
Is 8266889 a prime number?
True
Is 3199613 a prime number?
True
Is 26040629 composite?
False
Is 30954551 prime?
True
Is 252349 prime?
False
Is 14352913 prime?
False
Is 25123533 prime?
False
Is 114144509 a composite number?
True
Is 104159507 composite?
False
Is 311603 prime?
True
Is 2224231 composite?
False
Is 369522593 a prime number?
False
Is 2957753 a composite number?
False
Is 1017529 prime?
False
Is 41812009 prime?
False
Is 121505581 a prime number?
True
Is 10564159 composite?
False
Is 90042853 a composite number?
False
Is 120609757 a composite number?
False
Is 473502811 prime?
True
Is 1054255477 composite?
True
Is 44983417 prime?
True
Is 14824114 a composite number?
True
Is 41888929 prime?
True
Is 8869061 a composite number?
False
Is 1584133 prime?
False
Is 56499043 a composite number?
False
Is 1356427 a composite number?
False
Is 8160049 composite?
True
Is 32491 composite?
False
Is 507202 a prime number?
False
Is 52605802 prime?
False
Is 362851 composite?
False
Is 316117259 a composite number?
False
Is 8546477 composite?
False
Is 29644267 composite?
True
Is 119147111 a prime number?
False
Is 88976343 a composite number?
True
Is 3417923 prime?
True
Is 221849 composite?
False
Is 118251829 prime?
True
Is 17707 a composite number?
False
Is 12043067 prime?
True
Is 267769231 composite?
True
Is 309532933 a composite number?
True
Is 129859193 a prime number?
True
Is 5719145 a prime number?
False
Is 67546727 prime?
False
Is 33553447 composite?
True
Is 8463313 a composite number?
False
Is 156271231 a composite number?
False
Is 383981209 a composite number?
False
Is 472891 a prime number?
False
Is 2016961 prime?
False
Is 8380597 a composite number?
False
Is 505339 prime?
True
Is 43522877 composite?
True
Is 122854451 a prime number?
True
Is 73818683 a pr